What are the prime factors of 304?
2, 19
What are the prime factors of 22678?
2, 17, 23, 29
What are the prime factors of 28415?
5, 5683
List the prime factors of 9272.
2, 19, 61
List the prime factors of 2207.
2207
What are the prime factors of 36944?
2, 2309
What are the prime factors of 1047?
3, 349
List the prime factors of 34834.
2, 17417
List the prime factors of 8206.
2, 11, 373
What are the prime factors of 803?
11, 73
What are the prime factors of 1107?
3, 41
List the prime factors of 3326.
2, 1663
List the prime factors of 975.
3, 5, 13
List the prime factors of 792.
2, 3, 11
What are the prime factors of 5881?
5881
List the prime factors of 112584.
2, 3, 4691
List the prime factors of 2700.
2, 3, 5
List the prime factors of 393.
3, 131
List the prime factors of 1479.
3, 17, 29
What are the prime factors of 6372?
2, 3, 59
List the prime factors of 214.
2, 107
List the prime factors of 103682.
2, 47, 1103
What are the prime factors of 1821?
3, 607
List the prime factors of 3312.
2, 3, 23
List the prime factors of 309.
3, 103
List the prime factors of 21409.
79, 271
What are the prime factors of 661?
661
What are the prime factors of 84231?
3, 7, 191
What are the prime factors of 728?
2, 7, 13
List the prime factors of 506.
2, 11, 23
List the prime factors of 708.
2, 3, 59
List the prime factors of 7801.
29, 269
What are the prime factors of 1882?
2, 941
What are the prime factors of 9127?
9127
List the prime factors of 27965.
5, 7, 17, 47
What are the prime factors of 3949?
11, 359
What are the prime factors of 3310?
2, 5, 331
List the prime factors of 4441.
4441
List the prime factors of 9804.
2, 3, 19, 43
List the prime factors of 25025.
5, 7, 11, 13
List the prime factors of 24766.
2, 7, 29, 61
What are the prime factors of 1069?
1069
List the prime factors of 15933.
3, 47, 113
What are the prime factors of 532?
2, 7, 19
List the prime factors of 857.
857
List the prime factors of 1029.
3, 7
List the prime factors of 5195.
5, 1039
What are the prime factors of 747?
3, 83
List the prime factors of 649.
11, 59
List the prime factors of 4351.
19, 229
What are the prime factors of 71513?
13, 5501
What are the prime factors of 24?
2, 3
What are the prime factors of 101?
101
List the prime factors of 1299.
3, 433
What are the prime factors of 1694?
2, 7, 11
What are the prime factors of 11323?
13, 67
List the prime factors of 1492.
2, 373
List the prime factors of 11288.
2, 17, 83
List the prime factors of 11269.
59, 191
What are the prime factors of 2884?
2, 7, 103
What are the prime factors of 6317?
6317
List the prime factors of 3698.
2, 43
List the prime factors of 26412.
2, 3, 31, 71
List the prime factors of 28406.
2, 7, 2029
List the prime factors of 2866.
2, 1433
List the prime factors of 2310.
2, 3, 5, 7, 11
What are the prime factors of 5225?
5, 11, 19
What are the prime factors of 45151?
163, 277
List the prime factors of 559.
13, 43
List the prime factors of 855.
3, 5, 19
What are the prime factors of 12129?
3, 13, 311
What are the prime factors of 74788?
2, 7, 2671
List the prime factors of 1518.
2, 3, 11, 23
List the prime factors of 8046.
2, 3, 149
List the prime factors of 4385.
5, 877
List the prime factors of 1357.
23, 59
What are the prime factors of 64520?
2, 5, 1613
What are the prime factors of 51?
3, 17
List the prime factors of 67769.
13, 401
What are the prime factors of 281?
281
What are the prime factors of 9764?
2, 2441
What are the prime factors of 13796?
2, 3449
List the prime factors of 38626.
2, 7, 31, 89
List the prime factors of 1253.
7, 179
List the prime factors of 77354.
2, 38677
What are the prime factors of 128698?
2, 229, 281
What are the prime factors of 2944?
2, 23
What are the prime factors of 2533?
17, 149
What are the prime factors of 15991?
15991
List the prime factors of 388.
2, 97
List the prime factors of 9538.
2, 19, 251
What are the prime factors of 302?
2, 151
What are the prime factors of 6864?
2, 3, 11, 13
List the prime factors of 6037.
6037
List the prime factors of 6868.
2, 17, 101
What are the prime factors of 4513?
4513
List the prime factors of 382.
2, 191
List the prime factors of 77748.
2, 3, 11, 19, 31
List the prime factors of 1685.
5, 337
List the prime factors of 2258.
2, 1129
What are the prime factors of 6235?
5, 29, 43
List the prime factors of 483.
3, 7, 23
What are the prime factors of 1672?
2, 11, 19
List the prime factors of 32740.
2, 5, 1637
List the prime factors of 14408.
2, 1801
List the prime factors of 737.
11, 67
List the prime factors of 68031.
3, 7559
What are the prime factors of 63?
3, 7
List the prime factors of 472.
2, 59
What are the prime factors of 11393?
11393
List the prime factors of 55914.
2, 3, 9319
What are the prime factors of 20042?
2, 11, 911
List the prime factors of 80683.
80683
List the prime factors of 129427.
29, 4463
What are the prime factors of 27296?
2, 853
What are the prime factors of 118?
2, 59
List the prime factors of 5896.
2, 11, 67
What are the prime factors of 681?
3, 227
List the prime factors of 3540.
2, 3, 5, 59
What are the prime factors of 450?
2, 3, 5
What are the prime factors of 8364?
2, 3, 17, 41
What are the prime factors of 8029?
7, 31, 37
List the prime factors of 1743.
3, 7, 83
List the prime factors of 21788.
2, 13, 419
List the prime factors of 4867.
31, 157
List the prime factors of 16152.
2, 3, 673
List the prime factors of 41214.
2, 3, 6869
What are the prime factors of 1998?
2, 3, 37
List the prime factors of 109816.
2, 7, 37, 53
What are the prime factors of 30422?
2, 7, 41, 53
What are the prime factors of 11963?
7, 1709
What are the prime factors of 52855?
5, 11, 31
What are the prime factors of 5053?
31, 163
List the prime factors of 124510.
2, 5, 12451
What are the prime factors of 12998?
2, 67, 97
List the prime factors of 1096.
2, 137
List the prime factors of 4992.
2, 3, 13
What are the prime factors of 2519?
11, 229
What are the prime factors of 10741?
23, 467
List the prime factors of 1954.
2, 977
What are the prime factors of 70142?
2, 17, 2063
List the prime factors of 630.
2, 3, 5, 7
List the prime factors of 4724.
2, 1181
What are the prime factors of 134492?
2, 33623
List the prime factors of 115979.
115979
What are the prime factors of 3729?
3, 11, 113
List the prime factors of 263.
263
List the prime factors of 1885.
5, 13, 29
What are the prime factors of 1539?
3, 19
List the prime factors of 92076.
2, 3, 7673
What are the prime factors of 16075?
5, 643
What are the prime factors of 1657?
1657
List the prime factors of 1873.
1873
List the prime factors of 455.
5, 7, 13
List the prime factors of 18393.
3, 6131
List the prime factors of 174797.
7, 24971
What are the prime factors of 51?
3, 17
List the prime factors of 6777.
3, 251
List the prime factors of 1215.
3, 5
What are the prime factors of 3762?
2, 3, 11, 19
What are the prime factors of 95819?
95819
List the prime factors of 1352.
2, 13
List the prime factors of 426.
2, 3, 71
What are the prime factors of 47683?
41, 1163
What are the prime factors of 1067?
11, 97
List the prime factors of 1881.
3, 11, 19
What are the prime factors of 11254?
2, 17, 331
List the prime factors of 7314.
2, 3, 23, 53
List the prime factors of 3503.
31, 113
List the prime factors of 890.
2, 5, 89
What are the prime factors of 7242?
2, 3, 17, 71
List the prime factors of 5246.
2, 43, 61
List the prime factors of 43437.
3, 14479
List the prime factors of 22629.
3, 19, 397
List the prime factors of 4883.
19, 257
List the prime factors of 6276.
2, 3, 523
What are the prime factors of 778?
2, 389
What are the prime factors of 20071?
20071
List the prime factors of 3066.
2, 3, 7, 73
List the prime factors of 10049.
13, 773
What are the prime factors of 1968?
2, 3, 41
List the prime factors of 1990.
2, 5, 199
List the prime factors of 108714.
2, 3, 18119
What are the prime factors of 1460?
2, 5, 73
List the prime factors of 2232.
2, 3, 31
List the prime factors of 1904.
2, 7, 17
List the prime factors of 57825.
3, 5, 257
What are the prime factors of 6734?
2, 7, 13, 37
What are the prime factors of 2724?
2, 3, 227
List the prime factors of 24331.
29, 839
What are the prime factors of 15759?
3, 17, 103
List the prime factors of 4264.
2, 13, 41
What are the p